b2 (base 16) in base 4?
-2302
a (base 15) to base 11
a
What is 10101 (base 2) in base 9?
23
What is 0 (base 5) in base 3?
0
-11222 (base 3) to base 4
-2012
-302 (base 9) to base 3
-100002
-2 (base 11) to base 6
-2
Convert -233 (base 7) to base 15.
-82
Convert -10010 (base 2) to base 6.
-30
-a (base 12) to base 4
-22
3 (base 12) to base 8
3
What is 6c (base 13) in base 2?
1011010
What is 3 (base 5) in base 14?
3
-104 (base 5) to base 3
-1002
What is 1100011 (base 2) in base 10?
99
What is 39 (base 11) in base 10?
42
What is -86 (base 9) in base 13?
-60
What is 10 (base 4) in base 10?
4
Convert -200 (base 3) to base 5.
-33
Convert -10010100 (base 2) to base 13.
-b5
Convert -350 (base 7) to base 15.
-c2
-121 (base 7) to base 16
-40
What is 26 (base 12) in base 4?
132
-56 (base 8) to base 6
-114
Convert 421 (base 6) to base 14.
b3
Convert -2 (base 10) to base 16.
-2
What is -14 (base 5) in base 10?
-9
Convert -21 (base 4) to base 11.
-9
Convert -132 (base 5) to base 13.
-33
72 (base 11) to base 12
67
What is -7 (base 13) in base 11?
-7
Convert -22 (base 4) to base 2.
-1010
Convert 37 (base 10) to base 12.
31
1 (base 4) to base 8
1
1 (base 11) to base 6
1
What is 1 (base 4) in base 16?
1
Convert 11110 (base 4) to base 12.
244
What is -1 (base 9) in base 6?
-1
Convert -111 (base 2) to base 13.
-7
Convert -d (base 14) to base 16.
-d
What is 2 (base 13) in base 12?
2
What is -12 (base 12) in base 10?
-14
-a (base 11) to base 14
-a
28 (base 14) to base 3
1100
What is 60 (base 16) in base 2?
1100000
-2 (base 7) to base 3
-2
Convert 0 (base 5) to base 16.
0
-34 (base 13) to base 10
-43
What is -10 (base 14) in base 12?
-12
9 (base 16) to base 3
100
-5 (base 8) to base 13
-5
-10 (base 3) to base 4
-3
What is -28 (base 11) in base 3?
-1010
What is 7 (base 15) in base 11?
7
6f (base 16) to base 9
133
What is 111000 (base 2) in base 9?
62
Convert 1 (base 9) to base 3.
1
What is -16 (base 8) in base 11?
-13
What is 34 (base 11) in base 5?
122
Convert 15 (base 15) to base 10.
20
0 (base 8) to base 16
0
What is -1 (base 12) in base 4?
-1
Convert -9 (base 16) to base 7.
-12
Convert 10100110 (base 2) to base 10.
166
-65 (base 14) to base 9
-108
Convert -26 (base 11) to base 12.
-24
What is -11 (base 2) in base 9?
-3
Convert -101 (base 2) to base 6.
-5
What is -1100000 (base 2) in base 10?
-96
-4 (base 7) to base 14
-4
What is -2 (base 14) in base 7?
-2
Convert -3 (base 10) to base 8.
-3
89 (base 15) to base 5
1004
100 (base 2) to base 11
4
100111011 (base 2) to base 11
267
Convert -3 (base 4) to base 11.
-3
Convert 89 (base 11) to base 8.
141
What is -b0 (base 14) in base 8?
-232
Convert 10 (base 4) to base 6.
4
What is -6 (base 15) in base 10?
-6
-1000 (base 2) to base 10
-8
What is -a (base 11) in base 13?
-a
What is -10010 (base 2) in base 10?
-18
Convert -110 (base 3) to base 16.
-c
What is -40 (base 6) in base 5?
-44
-2 (base 10) to base 3
-2
-41 (base 10) to base 8
-51
0 (base 15) to base 14
0
Convert -55 (base 8) to base 14.
-33
-3 (base 12) to base 2
-11
Convert -b (base 13) to base 14.
-b
Convert 1110 (base 2) to base 16.
e
35 (base 7) to base 15
1b
What is -2 (base 9) in base 13?
-2
20120 (base 3) to base 5
1202
Convert -3 (base 6) to base 8.
-3
Convert -6 (base 11) to base 12.
-6
Convert 35 (base 10) to base 8.
43
Convert 1001 (base 2) to base 9.
10
What is 0 (base 16) in base 10?
0
What is -111 (base 2) in base 5?
-12
102 (base 4) to base 11
17
What is -11 (base 4) in base 12?
-5
20 (base 4) to base 10
8
What is -93 (base 11) in base 9?
-123
What is 12 (base 15) in base 13?
14
What is -26 (base 14) in base 5?
-114
What is -13 (base 7) in base 6?
-14
What is 2 (base 5) in base 10?
2
What is 30 (base 9) in base 5?
102
-5 (base 12) to base 2
-101
Convert -100 (base 2) to base 5.
-4
-ae (base 15) to base 8
-244
Convert 2 (base 13) to base 3.
2
Convert 0 (base 7) to base 5.
0
-45 (base 11) to base 9
-54
0 (base 5) to base 10
0
What is a5 (base 15) in base 9?
182
-11221 (base 3) to base 11
-111
What is 1 (base 14) in base 9?
1
2 (base 10) to base 9
2
What is -230 (base 5) in base 15?
-45
What is 12 (base 13) in base 11?
14
Convert -10e (base 15) to base 16.
-ef
What is -4 (base 8) in base 5?
-4
1 (base 6) to base 10
1
Convert -4 (base 8) to base 16.
-4
0 (base 12) to base 15
0
26 (base 9) to base 8
30
Convert 101 (base 2) to base 6.
5
13 (base 14) to base 9
18
73 (base 8) to base 5
214
What is -144 (base 7) in base 14?
-5b
Convert 128 (base 9) to base 6.
255
Convert -35 (base 12) to base 2.
-101001
1 (base 14) to base 7
1
What is 10 (base 2) in base 16?
2
What is 3 (base 6) in base 5?
3
What is -110 (base 5) in base 4?
-132
Convert 1 (base 12) to base 10.
1
-d (base 14) to base 13
-10
What is -20 (base 7) in base 3?
-112
Convert -26 (base 14) to base 8.
-42
15 (base 13) to base 8
22
Convert 95 (base 10) to base 13.
74
6 (base 7) to base 8
6
-4a (base 13) to base 16
-3e
Convert 9a (base 13) to base 11.
106
Convert -12 (base 7) to base 15.
-9
What is -10010110 (base 2) in base 15?
-a0
What is -10 (base 8) in base 6?
-12
Convert -17 (base 16) to base 3.
-212
Convert -51 (base 6) to base 5.
-111
Convert 9b (base 15) to base 3.
12102
-31 (base 9) to base 4
-130
Convert -4 (base 8) to base 10.
-4
1 (base 14) to base 5
1
What is -12 (base 12) in base 15?
-e
Convert -43 (base 10) to base 11.
-3a
1 (base 4) to base 10
1
Convert -22 (base 8) to base 16.
-12
Convert -24 (base 8) to base 4.
-110
-1 (base 5) to base 11
-1
11 (base 11) to base 15
c
Convert 1 (base 7) to base 4.
1
Convert 36 (base 12) to base 10.
42
Convert 13 (base 5) to base 4.
20
What is -7 (base 12) in base 5?
-12
What is 1a (base 14) in base 11?
22
-43 (base 9) to base 14
-2b
Convert -41 (base 16) to base 10.
-65
-1 (base 11) to base 8
-1
What is 101000 (base 2) in base 14?
2c
What is 3 (base 12) in base 14?
3
Convert 3 (base 7) to base 9.
3
be (base 15) to base 5
1204
Convert -7 (base 14) to base 15.
-7
-1 (base 5) to base 12
-1
What is 6 (base 10) in base 13?
6
Convert 5 (base 12) to base 4.
11
What is -10 (base 5) in base 7?
-5
-1121 (base 3) to base 16
-2b
-1 (base 11) to base 14
-1
What is 2131 (base 4) in base 9?
184
-2 (base 10) to base 6
-2
1122 (base 5) to base 8
242
Convert 5 (base 13) to base 9.
5
What is 12 (base 3) in base 9?
5
Convert 5 (base 8) to base 14.
5
-1 (base 3) to base 14
-1
What is 2 (base 6) in base 7?
2
Convert 102 (base 3) to base 10.
11
1203 (base 4) to base 14
71
4 (base 15) to base 12
4
Convert 2 (base 6) to base 9.
2
What is 1 (base 4) in base 6?
1
Convert 2 (base 7) to base 14.
2
What is -9 (base 16) in base 9?
-10
What is 4 (base 14) in base 6?
4
What is 1 (base 8) in base 16?
1
What is 3 (base 15) in base 2?
11
What is 401 (base 5) in base 11?
92
-247 (base 8) to base 13
-cb
What is 14 (base 10) in base 13?
11
Convert 50 (base 9) to base 3.
1200
Convert -45 (base 9) to base 12.
-35
What is 21 (base 11) in base 16?
17
What is -100 (base 2) in base 4?
-10
Convert -18 (base 11) to base 4.
-103
Convert 111 (base 14) to base 12.
157
-2 (base 6) to base 3
-2
Convert -3 (base 9) to base 11.
-3
What is 17 (base 8) in base 13?
12
What is 4 (base 12) in base 8?
4
-39 (base 11) to base 14
-30
What is -1 (base 4) in base 7?
-1
2214 (base 5) to base 16
135
0 (base 5) to base 12
0
What is -b (base 16) in base 15?
-b
1 (base 7) to base 3
1
Convert -5 (base 12) to base 13.
-5
Convert -210 (base 3) to base 2.
-10101
-3 (base 5) to base 4
-3
-34 (base 9) to base 3
-1011
41 (base 8) to base 5
113
Convert 4f (base 16) to base 10.
79
What is 3 (base 5) in base 13?
3
Convert 100 (base 5) to base 12.
21
3 (base 16) to base 15
3
Convert 3 (base 13) to base 14.
3
Convert 29 (base 15) to base 8.
47
Convert -a (base 14) to base 8.
-12
Convert 86 (base 16) to base 7.
251
-5 (base 9) to base 8
-5
-13 (base 5) to base 13
-8
What is 11112 (base 3) in base 10?
122
What is -1 (base 10) in base 6?
-1
What is -47 (base 14) in base 16?
-3f
20 (base 12) to base 11
22
What is 118 (base 9) in base 8?
142
What is -1 (base 5) in base 9?
-1
Convert 0 (base 7) to base 14.
0
Convert 9e (base 16) to base 4.
2132
What is -9 (base 15) in base 5?
-14
What is 330 (base 5) in base 11?
82
Convert -111 (base 3) to base 13.
-10
6 (base 13) to base 7
6
Convert 32 (base 5) to base 9.
18
Convert 3 (base 5) to base 3